-306454 (base 8) to base 6.
-2102420
1115b4 (base 15) to base 10
814669
Convert -187122 (base 9) to base 8.
-344005
1a393c (base 14) to base 12
38b456
What is 35554344 (base 6) in base 16?
1114d8
Convert 15950 (base 10) to base 15.
4ad5
Convert -12021022002021 (base 3) to base 7.
-32543554
What is 10156534 (base 8) in base 16?
20dd5c
13010212434 (base 5) to base 15
15a4dce
-10854153 (base 10) to base 8
-51317411
2551343 (base 8) to base 12
2a2603
What is 272366 (base 8) in base 15?
1d453
-107606 (base 8) to base 6
-442034
Convert a609 (base 12) to base 3.
220220100
Convert -25410 (base 11) to base 2.
-1000111001010000
-11010111100110000 (base 2) to base 15
-22a8e
-2020022101 (base 3) to base 12
-2153a
What is 6597 (base 11) in base 16?
21f9
-1b1e4b (base 15) to base 11
-823968
Convert 5085151 (base 12) to base 9.
31371617
Convert 11075676 (base 8) to base 3.
11111110210121
What is 10473332 (base 8) in base 15?
2e936a
What is -200102012000021 (base 3) in base 9?
-20365007
What is 1401654 (base 9) in base 15?
102c51
What is 1000120002 (base 3) in base 6?
233002
443330301 (base 5) to base 8
7277621
Convert 24820 (base 14) to base 9.
145567
-102302420 (base 5) to base 6
-13130110
Convert 2022444033 (base 5) to base 8.
17531724
What is -67b66 (base 16) in base 2?
-1100111101101100110
Convert -1840520 (base 9) to base 7.
-11521242
Convert -26c517 (base 13) to base 4.
-3211301331
Convert 20041120 (base 5) to base 2.
100110110010111110
-12002111222 (base 3) to base 4
-120132122
What is 7434102 (base 8) in base 13?
5445aa
What is 4db805 (base 15) in base 13?
a09ac6
11001100111001111110 (base 2) to base 12
345852
Convert 1022120100220 (base 3) to base 7.
5644062
9852ac (base 14) to base 8
23542030
What is -1b241 (base 13) in base 4?
-30331333
Convert 3214 (base 7) to base 5.
14023
-50312421 (base 6) to base 14
-2913c1
What is -135eb2 (base 15) in base 7?
-10626401
10000100011111011 (base 2) to base 13
24b51
Convert 11553304 (base 6) to base 16.
5afe8
Convert 723028 (base 11) to base 10.
1160662
1267124 (base 8) to base 9
602211
-15c778 (base 13) to base 16
-84430
What is 6705a1 (base 11) in base 15?
161d59
-112551325 (base 6) to base 16
-200585
Convert 140134 (base 13) to base 14.
c9045
Convert 31015100 (base 6) to base 15.
128586
What is -3510f (base 16) in base 11?
-13933a
Convert 142401111 (base 5) to base 10.
747031
What is 29237 (base 16) in base 6?
3340035
What is 30003031103 (base 4) in base 8?
14031523
Convert -121c8 (base 15) to base 8.
-160674
What is 15523443 (base 7) in base 16?
16eab9
What is -1225712 (base 8) in base 15?
-6a62a
Convert -c58982 (base 14) to base 11.
-3846133
-276787 (base 10) to base 13
-98ca4
What is -254140120 (base 6) in base 9?
-10286753
What is 1c41424 (base 13) in base 16?
8f6cb0
11110001110011111001 (base 2) to base 6
33121241
-58545a (base 12) to base 7
-15031000
4410353 (base 6) to base 3
102010122020
What is 44735 (base 9) in base 8?
72077
101011110101000101110110 (base 2) to base 9
23551752
-1055a7 (base 12) to base 8
-770417
-c3bb8 (base 15) to base 14
-122093
-95361d (base 15) to base 16
-6c527b
Convert -86855 (base 12) to base 4.
-223111001
What is 103032321 (base 5) in base 14?
b635d
257369 (base 12) to base 16
95e41
What is -2a695 (base 12) in base 15?
-12a6e
100111110011101100 (base 2) to base 10
163052
b3b07e (base 15) to base 5
4141322434
Convert 19c667 (base 14) to base 3.
1201121221020
a2c1e (base 15) to base 13
150986
97a7 (base 12) to base 2
100000100101111
Convert -3113734 (base 8) to base 6.
-25404512
Convert 1a552a (base 13) to base 14.
135a13
What is 14443330 (base 5) in base 6?
3202350
Convert -2e2421 (base 15) to base 10.
-2235181
4d17c8 (base 16) to base 6
300142320
Convert 101101110100000010100 (base 2) to base 6.
52102004
1a3725 (base 12) to base 8
1607115
24144321 (base 5) to base 8
667301
3757e (base 15) to base 12
86348
Convert -273af (base 16) to base 4.
-213032233
Convert 154320055 (base 6) to base 15.
450585
315548 (base 9) to base 7
1411346
-c9bd5 (base 14) to base 3
-220210110020
What is 4db8d (base 15) in base 13?
89437
Convert -1000010111011010 (base 2) to base 12.
-179b6
-11091 (base 10) to base 4
-2231103
Convert 262511 (base 7) to base 5.
3031314
What is 2605050 (base 7) in base 11?
210953
Convert -2a170a (base 11) to base 15.
-94700
Convert 16812 (base 9) to base 3.
120220102
Convert -112200111122 (base 3) to base 14.
-774a8
5464607 (base 9) to base 15
3ceea1
-10000000 (base 4) to base 6
-203504
Convert 8a76bc (base 13) to base 4.
30132330312
What is 6b5aca (base 15) in base 10?
5132440
Convert 234727 (base 11) to base 14.
99917
36009 (base 11) to base 7
304236
What is 34606600 (base 7) in base 15?
4020b4
14c82 (base 15) to base 8
202603
-155c32b (base 14) to base 4
-213311320003
What is 1323320410 (base 5) in base 14?
62cad9
What is 140063204 (base 7) in base 6?
522255342
Convert 2280424 (base 9) to base 14.
2418d8
What is -103123121211 (base 4) in base 15?
-6a9060
Convert 1210230013 (base 4) to base 10.
412423
What is 75352 (base 12) in base 3?
21211122022
What is -140120213 (base 5) in base 8?
-2545746
What is -10010101100100010 (base 2) in base 3?
-10220001020
Convert 101101000100001001 (base 2) to base 15.
39a5a
What is -1790a (base 16) in base 14?
-27266
Convert -451441 (base 6) to base 16.
-9451
What is -2100000023 (base 5) in base 8?
-20310270
What is -4120343 (base 6) in base 16?
-30207
Convert -703714 (base 10) to base 7.
-5660434
-110142313 (base 5) to base 2
-1110011111001010100
What is -110001111010000110 (base 2) in base 15?
-40882
What is -13678d3 (base 14) in base 2?
-100011110101100100100001
Convert -498650 (base 14) to base 7.
-30264430
Convert -6490 (base 13) to base 11.
-a555
-14081224 (base 9) to base 3
-111002201020211
21120212010 (base 3) to base 2
100100011101011100
What is -99b09 (base 12) in base 5?
-23010034
206512 (base 7) to base 11
24aa0
Convert 12970 (base 13) to base 12.
18007
What is -80653 (base 16) in base 4?
-2000121103
-22442 (base 9) to base 14
-5634
What is 1001110101001000101000 (base 2) in base 14?
4b118c
-266342 (base 7) to base 10
-50255
2111100133 (base 4) to base 12
255967
What is 96bb4 (base 14) in base 12?
156b4a
Convert 5a4c42 (base 13) to base 5.
1022343240
Convert 3248319 (base 11) to base 12.
1ab2378
23330424 (base 5) to base 15
43844
What is 2001223 (base 4) in base 9?
12341
Convert 21022022202002 (base 3) to base 5.
1443241200
Convert 23515305 (base 6) to base 8.
2647531
Convert -99d69 (base 15) to base 6.
-14252000
What is -3d633 (base 14) in base 9?
-251625
10331625 (base 7) to base 15
126433
What is 1011010020021021 (base 3) in base 7?
260400406
1144666 (base 9) to base 10
620196
Convert -121ced (base 15) to base 6.
-30325311
What is 31611201 (base 7) in base 15?
382943
11000000001110111100101 (base 2) to base 13
13c71ab
6d10c (base 14) to base 5
32011001
What is -19918 (base 14) in base 4?
-33312002
Convert -456086 (base 9) to base 4.
-1002300231
What is 69225 (base 15) in base 2?
1010001101100010010
What is -43054452 (base 6) in base 7?
-13525361
Convert 106a84 (base 12) to base 6.
5331044
1354505 (base 6) to base 2
10010111011001001
Convert -a186d (base 16) to base 13.
-1a21b4
Convert 296842 (base 13) to base 4.
3313213033
-1101110010011000111010 (base 2) to base 3
-20210121211201
-568a0 (base 11) to base 15
-19599
What is 5e32d (base 15) in base 3?
120022000121
342a25 (base 13) to base 14
241b1c
What is -1cba71 (base 13) in base 14?
-153954
What is 32100332122 (base 4) in base 12?
130410a
-13427571 (base 8) to base 16
-2e2f79
What is -4134471 (base 9) in base 15?
-2d926a
What is -24807a8 (base 11) in base 9?
-8081828
What is 7a506 (base 12) in base 16?
27d56
Convert 4590d (base 16) to base 2.
1000101100100001101
-9e031 (base 16) to base 9
-1185730
Convert 3225364 (base 8) to base 12.
357498
-132398 (base 14) to base 11
-410368
-278b5 (base 15) to base 11
-87334
What is -1a517c (base 13) in base 12?
-282800
Convert -6650442 (base 7) to base 12.
-335b33
Convert -44010111 (base 6) to base 14.
-2607d9
What is -3704e (base 15) in base 7?
-1330610
Convert -15a319b (base 14) to base 2.
-101000011110101010110101
-302120 (base 6) to base 13
-aab5
Convert -121045303 (base 6) to base 4.
-20233230213
-38a33 (base 16) to base 5